{"id":1722,"date":"2010-01-23T19:36:02","date_gmt":"2010-01-23T17:36:02","guid":{"rendered":"http:\/\/www.rheinvalley.li\/?page_id=1722"},"modified":"2010-12-23T17:28:14","modified_gmt":"2010-12-23T15:28:14","slug":"events-2010","status":"publish","type":"page","link":"https:\/\/www.rheinvalley.li\/?page_id=1722","title":{"rendered":"Events 2010"},"content":{"rendered":"<p><span style=\"color: #ff6600;\"><span style=\"color: #000000; font-weight: normal;\"><span style=\"color: #ff6600;\"><span style=\"color: #ff6600;\"><strong>16.\/17. Januar 2010<\/strong><\/span><\/span><br \/>\n<span style=\"color: #000000;\"><span style=\"font-weight: normal;\">Workshop-Wochenende mit Elisabeth in Samedan<\/span><\/span><\/span><\/span><\/p>\n<p><span style=\"color: #ff6600;\"><span style=\"color: #ff6600;\"><strong>22. Januar 2010<\/strong><\/span><br \/>\n<span style=\"color: #000000;\"><span style=\"font-weight: normal;\">20. Rhein Valley Line Dance Night in der Dance Hall in Bendern<br \/>\n<\/span><\/span><span style=\"color: #000000;\"><span style=\"font-weight: normal;\">Start um 19.00 Uhr mit integriertem Workshop<br \/>\nWorkshoptanz: I&#8217;m Out Of Here<\/span><\/span><\/span><\/p>\n<p><span style=\"color: #ff6600;\"><strong>12.02.2010<\/strong><\/span><br \/>\nUeberraschungsauftritte an Karin&#8217;s Geburtstagsfest<\/p>\n<p><span style=\"color: #ff6600;\"><span style=\"color: #ff6600;\"><strong>09. Februar bis 16. M\u00e4rz 2010<br \/>\n<span style=\"color: #000000; font-weight: normal;\">Kurs \u00fcber den Seniorenbund Liechtenstein 50+<br \/>\n09.02.\/16.02.\/23.02.\/02.03.\/09.03.\/16.03.<br \/>\njeweils Dienstags von 14 &#8211; 15 Uhr in der Dance Hall in Bendern<br \/>\nweiterer Kurs an denselben Daten um 15.10 &#8211; 16.10 Uhr<\/span><\/strong><\/span><\/span><\/p>\n<p><span style=\"color: #ff6600;\"><strong><span style=\"color: #ff6600;\"><strong>20. Februar 2010<\/strong><\/span><br \/>\n<span style=\"color: #000000;\"><span style=\"font-weight: normal;\">Auftritt an Geburtstagsfeier in Chur, 20.15 Uhr<br \/>\n<\/span><\/span><span style=\"color: #000000;\"><span style=\"font-weight: normal;\">(geschlossene Gesellschaft)<\/span><\/span><\/strong><\/span><\/p>\n<p><strong><span style=\"color: #ff6600;\"><span style=\"color: #ff6600;\"><strong>24. Februar 2010<\/strong><\/span><br \/>\n<span style=\"font-weight: normal;\"><span style=\"color: #000000;\">Start Kurs \u00fcber die Erwachsenenbildung Stein Egerta<br \/>\n4 Mittwoch Vormittage 10-11 Uhr im Vereinshaus, Gamprin<\/span><\/span><\/span><\/strong><\/p>\n<p><strong><span style=\"color: #ff6600;\"><span style=\"font-weight: normal;\"><span style=\"color: #000000;\"><strong><span style=\"color: #ff6600;\"><span style=\"color: #ff6600;\"><strong>26. Februar 2010<\/strong><\/span><br \/>\n<\/span><\/strong>21. Rhein Valley Line Dance Night mit integriertem Workshop (Rhyme or Reason)<br \/>\nab 19 Uhr, f\u00fcr Speis und Trank ist gesorgt<\/span><\/span><\/span><\/strong><\/p>\n<p><strong><span style=\"color: #ff6600;\"><span style=\"color: #ff6600;\"><strong>06. &amp; 07. M\u00e4rz 2010<\/strong><\/span><br \/>\n<span style=\"color: #000000;\"><span style=\"font-weight: normal;\">Auftritte an der 10. Tattoo-Convention<br \/>\nSp\u00f6rry-Halle in Vaduz<br \/>\nSamstag: 20.30 &#8211; 21.00 Uhr<br \/>\nSonntag: 14.00 &#8211; 14.30 und 15.30 &#8211; 16.00 Uhr<\/span><\/span><\/span><\/strong><\/p>\n<p><span style=\"color: #ff6600;\"><span style=\"color: #ff6600;\"><strong>11. M\u00e4rz 2010<\/strong><\/span><\/span><br \/>\nKurs &#8211; Line Dance Workshop<br \/>\nInternationales Frauencaf\u00e9 9 &#8211; 11 Uhr<\/p>\n<p><strong><span style=\"color: #ff6600;\"><span style=\"color: #ff6600;\"><strong>26. M\u00e4rz 2010<\/strong><\/span><br \/>\n<span style=\"color: #000000;\"><span style=\"font-weight: normal;\">22. Rhein Valley Line Dance Night in der Dance Hall in Bendern<br \/>\nab 19 Uhr mit integrierten Workshops: Good Time und Caught In The Act <\/span><\/span><\/span><\/strong><\/p>\n<p><strong><strong><span style=\"color: #ff6600;\"><span style=\"color: #000000;\"><span style=\"color: #ff6600;\"><span style=\"color: #ff6600;\"><strong>27. M\u00e4rz 2010<\/strong><\/span><\/span><br \/>\n<span style=\"font-weight: normal;\">Workshop-Tag in Samedan mit Elisabeth<br \/>\n12.30 &#8211; 14.40 Uhr, 15.30 &#8211; 18.00 Uhr<\/span><\/span><\/span><\/strong><\/strong><\/p>\n<p><strong><span style=\"color: #ff6600;\"><span style=\"color: #ff6600;\"><strong>30. April 2010<\/strong><\/span><\/span><br \/>\n<span style=\"color: #000000; font-weight: normal;\">23. Rhein Valley Line Dance Night in der Dance Hall in Bendern<br \/>\nab 19 Uhr mit integriertem Workshop (Simply Elvis)<\/span><\/strong><\/p>\n<p><strong><span style=\"color: #000000; font-weight: normal;\"><span style=\"color: #ff6600;\"><span style=\"color: #ff6600;\"><strong>01. Mai 2010<\/strong><\/span><\/span><br \/>\nAuftritt Rhema, Altst\u00e4tten, Radio L, Halle 4.1<br \/>\n18 Uhr Interview, 4 Auftritte zwischen 19 und 21 Uhr<\/span><\/strong><\/p>\n<p><span style=\"color: #ff6600;\"><span style=\"color: #ff6600;\"><strong>07. Mai 2010<\/strong><\/span><\/span><br \/>\n1. Dance Night in Chur!!!!!!<\/p>\n<div id=\"attachment_1820\" style=\"width: 310px\" class=\"wp-caption alignnone\"><a href=\"https:\/\/www.rheinvalley.li\/wp-content\/uploads\/2010\/02\/rheinkrone-saal-300x200-1.png\" rel=\"lightbox[1722]\"><img loading=\"lazy\" decoding=\"async\" aria-describedby=\"caption-attachment-1820\" class=\"size-medium wp-image-1820\" title=\"rheinkrone-saal-300x200-1\" src=\"https:\/\/www.rheinvalley.li\/wp-content\/uploads\/2010\/02\/rheinkrone-saal-300x200-1.png\" alt=\"Saal der Rheinkrone, Chur\" width=\"300\" height=\"200\" srcset=\"https:\/\/www.rheinvalley.li\/wp-content\/uploads\/2010\/02\/rheinkrone-saal-300x200-1.png 300w, https:\/\/www.rheinvalley.li\/wp-content\/uploads\/2010\/02\/rheinkrone-saal-300x200-1-150x100.png 150w\" sizes=\"auto, (max-width: 300px) 100vw, 300px\" \/><\/a><p id=\"caption-attachment-1820\" class=\"wp-caption-text\">Saal der Rheinkrone, Chur<\/p><\/div>\n<p>24. Rhein Valley Line Dance Night in der Rheinkrone Chur<br \/>\nab 19.30 Uhr mit integriertem Workshop<\/p>\n<p><strong><strong><strong><span style=\"color: #ff6600;\"><span style=\"color: #000000;\"><strong><span style=\"color: #ff6600;\"><span style=\"color: #ff6600;\"><strong>09. &#8211; 16. Mai 2010<\/strong><\/span><\/span><br \/>\n<span style=\"font-weight: normal;\">5. Rhein Valley Line Dance Woche auf Mallorca<\/span><\/strong><\/span><\/span><\/strong><\/strong><\/strong><\/p>\n<p><span style=\"color: #ff6600;\"><span style=\"color: #000000;\">Hotel Romantica, Colonia Sant Jordi<br \/>\n<a href=\"http:\/\/www.universal-reisen.ch\" target=\"_self\">www.universal-reisen.ch<\/a><\/span><\/span><\/p>\n<p><strong><span style=\"color: #ff6600;\"><span style=\"color: #000000;\"><strong><span style=\"color: #ff6600;\"><span style=\"color: #ff6600;\"><strong>28. Mai 2010<\/strong><\/span><br \/>\n<\/span><\/strong><span style=\"font-weight: normal;\">Auftritt in Ebertswil, Houenranch<br \/>\n(abends-geschlossene Gesellschaft)<\/span><\/span><\/span><\/strong><\/p>\n<p><span style=\"color: #ff6600;\"><span style=\"color: #ff6600;\"><strong>29. Mai 2010<\/strong><\/span><\/span><br \/>\nAuftritte in der A Fragata &#8211; in Sennwald<br \/>\nab 20 Uhr, 1. Auftritt ca. 21 Uhr f\u00fcr Speis und Trank ist gesorgt<br \/>\nund musikalische Unterhaltung durch Paolo<\/p>\n<p><span style=\"color: #ff6600;\"><span style=\"color: #ff6600;\"><strong>20. Juni 2010<\/strong><\/span><\/span><br \/>\nWorkshoptag in Samedan mit Elisabeth<\/p>\n<p><strong><span style=\"color: #ff6600;\"><span style=\"color: #000000;\"><strong><span style=\"color: #ff6600;\"><span style=\"color: #000000;\"><strong><span style=\"color: #ff6600;\"><span style=\"color: #ff6600;\"><strong>25. Juni 2010<\/strong><\/span><br \/>\n<\/span><\/strong><span style=\"font-weight: normal;\">25. Rhein Valley Line Dance Night in der Dance Hall in Bendern<br \/>\nab 19 Uhr mit integriertem Workshop (Da wir am n\u00e4chsten Morgen fr\u00fch nach Interlaken fahren m\u00fcssen, wird die Dance Night diesmal ein wenig k\u00fcrzer sein. Nicht l\u00e4nger als vielleicht 23.30 Uhr. Danke f\u00fcr das Verst\u00e4ndnis)<\/span><\/span><\/span><\/strong><\/span><\/span><\/strong><\/p>\n<p><span style=\"color: #ff6600;\"><strong><span style=\"color: #ff6600;\"><strong>26. Juni 2010<\/strong><\/span><br \/>\n<span style=\"color: #000000;\"><span style=\"font-weight: normal;\">Auftritt am Internationalen Trucker- und Countryfestival in Interlaken 12.30 Uhr<\/span><\/span><\/strong><\/span><\/p>\n<p>abends Victoria Auftritt am Sommernachtsball &#8211; TCL Schaan &#8211; SAL<\/p>\n<p><strong><span style=\"color: #ff6600;\">10. Juli 2010<\/span><\/strong><br \/>\nAuftritt im Jura<br \/>\n(nachmittags, geschlossene Gesellschaft)<\/p>\n<p><strong><span style=\"color: #ff6600;\">16. Juli 2010<\/span><\/strong><br \/>\nTanz in den Sommer: 26. Rhein Valley Line Dance Night in der A Fragata &#8211; Restaurant Portugues in Sennwald<br \/>\nab 19 Uhr. Wer essen will, bitte vorreservieren: Fernando Nogueira 081\/757 20 03 oder 079\/610 27 23<\/p>\n<p><strong><span style=\"color: #ff6600;\">07. August 2010<\/span><\/strong><br \/>\nAuftritt an einer privaten Geburtstagsparty (geschlossene Gesellschaft)<br \/>\nPassugg, nachmittags<\/p>\n<p>Auftritte Burg Gutenberg, Balzers, abends (\u00f6ffentlich) mit Two Rocks und Square Dance Gruppe<br \/>\nab 20.00 Uhr. Reservationen unter www.burg-gutenberg.li<\/p>\n<p><span style=\"color: #ff6600;\"><strong>15. August 2010<\/strong><\/span><br \/>\nAuftritt am F\u00fcrstenfest &#8211; 19.30 Uhr Rathaus, Vaduz<\/p>\n<p><span style=\"color: #ff6600;\"><strong>28. August 2010<\/strong><br \/>\n<\/span>Auftritt in Eschen, Fago, abends<br \/>\nEr\u00f6ffnung Kokon, 19 Uhr<\/p>\n<p><span style=\"color: #ff6600;\"><strong>16. September 2010<\/strong><\/span><br \/>\nWorkshopvormittag im Internationalen Frauencaf\u00e9, Schaan<br \/>\n9 &#8211; 11 Uhr, Jugendraum, Resch in Schaan<\/p>\n<p><span style=\"color: #ff6600;\"><strong>17. September 2010<\/strong><\/span><br \/>\nAuftritte in Thal, Firmenanlass (geschlossene Gesellschaft)<\/p>\n<p><span style=\"color: #ff6600;\"><strong>24. September 2010<\/strong><\/span><br \/>\n27. Rhein Valley Line Dance Night in der Dance Hall in Bendern<br \/>\nab 20 Uhr, mit integriertem Workshop, Eintritt Fr. 5.&#8211;, f\u00fcr Speis und Trank ist gesorgt<\/p>\n<p><span style=\"color: #ff6600;\"><strong>26. September 2010<\/strong><\/span><br \/>\nWorkshop-Tag in Samedan mit Elisabeth<\/p>\n<p><strong><span style=\"color: #ff6600;\">26. August bis 30. September 2010<br \/>\n<\/span><\/strong>Kurs \u00fcber den Liecht. Seniorenbund, Schaan: Line Dance f\u00fcr 50+ in der Dance Hall in Bendern jeweils Donnerstags von 14 &#8211; 15 Uhr, Anmeldungen unter: Tel 00423\/230 48 00, www.seniorenbund.li, fitness@seniorenbund.li<\/p>\n<p><strong><span style=\"color: #ff6600;\">03. &#8211; 10. Oktober 2010<\/span><\/strong><br \/>\n6. Rhein Valley Line Dance Woche auf Mallorca<\/p>\n<p>Hotel Marqu\u00e9s, Colonia Sant Jordi<br \/>\n<a href=\"http:\/\/www.universal-reisen.ch\" target=\"_self\">www.universal-reisen.ch<\/a><\/p>\n<p><strong><span style=\"color: #ff6600;\">29. Oktober 2010<\/span><\/strong><br \/>\nAuftritt Ridamm-City, Maislabyrinth in Vaduz, abends (geschlossene Gesellschaft)<br \/>\n(Dance Night muss leider entfallen)<\/p>\n<p><strong><span style=\"color: #ff6600;\">30. Oktober 2010<\/span><\/strong><br \/>\nAuftritt in Ruggell &#8211; Gesundheitskomission, 11.30 Uhr<br \/>\nGemeindehaus &#8211; Do dr \u00f6ppis guets &#8211;<\/p>\n<p><strong><span style=\"color: #ff6600;\">05. November 2010<\/span><\/strong><br \/>\nKursstart in Chur: Wo: Caf\u00e9 Samba, Tittwiesenstr. 66<br \/>\nWann: 18.30 Uhr Anf\u00e4nger, 19.30 Fortgeschrittene<\/p>\n<p><strong><span style=\"color: #ff6600;\">06. November 2010<\/span><\/strong><br \/>\n16 &#8211; 18 Uhr Workshop in Chur,<br \/>\nab 19.30 Uhr: Auftritte in Grabs &#8211; private Feier (geschlossene Gesellschaft)<\/p>\n<p>07. November 2010<br \/>\n14 Uhr Probe f\u00fcrs Musical<\/p>\n<p><strong><span style=\"color: #ff6600;\">18. November 2010<\/span><\/strong><br \/>\nProbe f\u00fcrs Musical &#8211; Kurs in Bendern muss leider entfallen<\/p>\n<p><strong><span style=\"color: #ff6600;\">19. und 20. November 2010<\/span><\/strong><br \/>\nProjekt mit Tanzclub Liechtenstein &#8211; x-mas around the world<br \/>\n20 Uhr (Freitag Benefizvorstellung)(Samstag 14 Uhr Nachmittagsvorstellung, 20 Uhr Abendvorstellung) SAL, Schaan<\/p>\n<p><strong><span style=\"color: #ff6600;\">26. November 2010<\/span><\/strong><br \/>\n28. Rhein Valley Line Dance Night in der Dance Hall in Bendern ab 20 Uhr mit integriertem Workshop und f\u00fcr Speis und Trank ist gesorgt, Eintritt: CHF \u00a05.&#8211;<\/p>\n<p><strong><span style=\"color: #ff6600;\">27. November 2010<\/span><\/strong><br \/>\nWorkshop in R\u00fcti\/ZH 17 Uhr mit Lizzy<br \/>\n10 Jahre Mavericks Line Dancers &#8211; Jubil\u00e4umsparty &#8211; Viva Mexico<\/p>\n<p><strong><span style=\"color: #ff6600;\">17. Dezember 2010<br \/>\n<\/span><\/strong>Auftritte (17 und 18 Uhr) \u00a0Hilti AG<br \/>\nVaduzersaal in Vaduz, Jahresendfeier (geschlossene Gesellschaft)<\/p>\n","protected":false},"excerpt":{"rendered":"<p>16.\/17. Januar 2010 Workshop-Wochenende mit Elisabeth in Samedan 22. Januar 2010 20. Rhein Valley Line Dance Night in der Dance Hall in Bendern Start um 19.00 Uhr mit integriertem Workshop Workshoptanz: I&#8217;m Out Of Here 12.02.2010 Ueberraschungsauftritte an Karin&#8217;s Geburtstagsfest 09. Februar bis 16. M\u00e4rz 2010 Kurs \u00fcber den Seniorenbund Liechtenstein 50+ 09.02.\/16.02.\/23.02.\/02.03.\/09.03.\/16.03. jeweils Dienstags [&hellip;]<\/p>\n","protected":false},"author":2,"featured_media":0,"parent":249,"menu_order":0,"comment_status":"open","ping_status":"closed","template":"","meta":{"ngg_post_thumbnail":0,"footnotes":""},"class_list":["post-1722","page","type-page","status-publish","hentry"],"yoast_head":"<!-- This site is optimized with the Yoast SEO plugin v26.7 - https:\/\/yoast.com\/wordpress\/plugins\/seo\/ -->\n<title>Events 2010 - Rhein Valley Line Dance Group<\/title>\n<meta name=\"robots\" content=\"index, follow, max-snippet:-1, max-image-preview:large, max-video-preview:-1\" \/>\n<link rel=\"canonical\" href=\"https:\/\/www.rheinvalley.li\/?page_id=1722\" \/>\n<meta property=\"og:locale\" content=\"de_DE\" \/>\n<meta property=\"og:type\" content=\"article\" \/>\n<meta property=\"og:title\" content=\"Events 2010 - Rhein Valley Line Dance Group\" \/>\n<meta property=\"og:description\" content=\"16.\/17. Januar 2010 Workshop-Wochenende mit Elisabeth in Samedan 22. Januar 2010 20. Rhein Valley Line Dance Night in der Dance Hall in Bendern Start um 19.00 Uhr mit integriertem Workshop Workshoptanz: I&#8217;m Out Of Here 12.02.2010 Ueberraschungsauftritte an Karin&#8217;s Geburtstagsfest 09. Februar bis 16. M\u00e4rz 2010 Kurs \u00fcber den Seniorenbund Liechtenstein 50+ 09.02.\/16.02.\/23.02.\/02.03.\/09.03.\/16.03. jeweils Dienstags [&hellip;]\" \/>\n<meta property=\"og:url\" content=\"https:\/\/www.rheinvalley.li\/?page_id=1722\" \/>\n<meta property=\"og:site_name\" content=\"Rhein Valley Line Dance Group\" \/>\n<meta property=\"article:modified_time\" content=\"2010-12-23T15:28:14+00:00\" \/>\n<meta property=\"og:image\" content=\"http:\/\/www.rheinvalley.li\/wp-content\/uploads\/2010\/02\/rheinkrone-saal-300x200-1.png\" \/>\n<meta name=\"twitter:label1\" content=\"Gesch\u00e4tzte Lesezeit\" \/>\n\t<meta name=\"twitter:data1\" content=\"4\u00a0Minuten\" \/>\n<script type=\"application\/ld+json\" class=\"yoast-schema-graph\">{\"@context\":\"https:\/\/schema.org\",\"@graph\":[{\"@type\":\"WebPage\",\"@id\":\"https:\/\/www.rheinvalley.li\/?page_id=1722\",\"url\":\"https:\/\/www.rheinvalley.li\/?page_id=1722\",\"name\":\"Events 2010 - Rhein Valley Line Dance Group\",\"isPartOf\":{\"@id\":\"https:\/\/www.rheinvalley.li\/#website\"},\"primaryImageOfPage\":{\"@id\":\"https:\/\/www.rheinvalley.li\/?page_id=1722#primaryimage\"},\"image\":{\"@id\":\"https:\/\/www.rheinvalley.li\/?page_id=1722#primaryimage\"},\"thumbnailUrl\":\"http:\/\/www.rheinvalley.li\/wp-content\/uploads\/2010\/02\/rheinkrone-saal-300x200-1.png\",\"datePublished\":\"2010-01-23T17:36:02+00:00\",\"dateModified\":\"2010-12-23T15:28:14+00:00\",\"breadcrumb\":{\"@id\":\"https:\/\/www.rheinvalley.li\/?page_id=1722#breadcrumb\"},\"inLanguage\":\"de\",\"potentialAction\":[{\"@type\":\"ReadAction\",\"target\":[\"https:\/\/www.rheinvalley.li\/?page_id=1722\"]}]},{\"@type\":\"ImageObject\",\"inLanguage\":\"de\",\"@id\":\"https:\/\/www.rheinvalley.li\/?page_id=1722#primaryimage\",\"url\":\"http:\/\/www.rheinvalley.li\/wp-content\/uploads\/2010\/02\/rheinkrone-saal-300x200-1.png\",\"contentUrl\":\"http:\/\/www.rheinvalley.li\/wp-content\/uploads\/2010\/02\/rheinkrone-saal-300x200-1.png\"},{\"@type\":\"BreadcrumbList\",\"@id\":\"https:\/\/www.rheinvalley.li\/?page_id=1722#breadcrumb\",\"itemListElement\":[{\"@type\":\"ListItem\",\"position\":1,\"name\":\"Home\",\"item\":\"https:\/\/www.rheinvalley.li\/\"},{\"@type\":\"ListItem\",\"position\":2,\"name\":\"Events &#8211; R\u00fcckblick\",\"item\":\"https:\/\/www.rheinvalley.li\/?page_id=249\"},{\"@type\":\"ListItem\",\"position\":3,\"name\":\"Events 2010\"}]},{\"@type\":\"WebSite\",\"@id\":\"https:\/\/www.rheinvalley.li\/#website\",\"url\":\"https:\/\/www.rheinvalley.li\/\",\"name\":\"Rhein Valley Line Dance Group\",\"description\":\"Weil Tanzen einfach Spass macht...(Schweiz-Liechtenstein-Mallorca)\",\"publisher\":{\"@id\":\"https:\/\/www.rheinvalley.li\/#organization\"},\"potentialAction\":[{\"@type\":\"SearchAction\",\"target\":{\"@type\":\"EntryPoint\",\"urlTemplate\":\"https:\/\/www.rheinvalley.li\/?s={search_term_string}\"},\"query-input\":{\"@type\":\"PropertyValueSpecification\",\"valueRequired\":true,\"valueName\":\"search_term_string\"}}],\"inLanguage\":\"de\"},{\"@type\":\"Organization\",\"@id\":\"https:\/\/www.rheinvalley.li\/#organization\",\"name\":\"Rhein Valley Line Dance Group\",\"url\":\"https:\/\/www.rheinvalley.li\/\",\"logo\":{\"@type\":\"ImageObject\",\"inLanguage\":\"de\",\"@id\":\"https:\/\/www.rheinvalley.li\/#\/schema\/logo\/image\/\",\"url\":\"https:\/\/www.rheinvalley.li\/wp-content\/uploads\/2008\/08\/rheinvalley-hell.jpg\",\"contentUrl\":\"https:\/\/www.rheinvalley.li\/wp-content\/uploads\/2008\/08\/rheinvalley-hell.jpg\",\"width\":112,\"height\":100,\"caption\":\"Rhein Valley Line Dance Group\"},\"image\":{\"@id\":\"https:\/\/www.rheinvalley.li\/#\/schema\/logo\/image\/\"}}]}<\/script>\n<!-- \/ Yoast SEO plugin. -->","yoast_head_json":{"title":"Events 2010 - Rhein Valley Line Dance Group","robots":{"index":"index","follow":"follow","max-snippet":"max-snippet:-1","max-image-preview":"max-image-preview:large","max-video-preview":"max-video-preview:-1"},"canonical":"https:\/\/www.rheinvalley.li\/?page_id=1722","og_locale":"de_DE","og_type":"article","og_title":"Events 2010 - Rhein Valley Line Dance Group","og_description":"16.\/17. Januar 2010 Workshop-Wochenende mit Elisabeth in Samedan 22. Januar 2010 20. Rhein Valley Line Dance Night in der Dance Hall in Bendern Start um 19.00 Uhr mit integriertem Workshop Workshoptanz: I&#8217;m Out Of Here 12.02.2010 Ueberraschungsauftritte an Karin&#8217;s Geburtstagsfest 09. Februar bis 16. M\u00e4rz 2010 Kurs \u00fcber den Seniorenbund Liechtenstein 50+ 09.02.\/16.02.\/23.02.\/02.03.\/09.03.\/16.03. jeweils Dienstags [&hellip;]","og_url":"https:\/\/www.rheinvalley.li\/?page_id=1722","og_site_name":"Rhein Valley Line Dance Group","article_modified_time":"2010-12-23T15:28:14+00:00","og_image":[{"url":"http:\/\/www.rheinvalley.li\/wp-content\/uploads\/2010\/02\/rheinkrone-saal-300x200-1.png","type":"","width":"","height":""}],"twitter_misc":{"Gesch\u00e4tzte Lesezeit":"4\u00a0Minuten"},"schema":{"@context":"https:\/\/schema.org","@graph":[{"@type":"WebPage","@id":"https:\/\/www.rheinvalley.li\/?page_id=1722","url":"https:\/\/www.rheinvalley.li\/?page_id=1722","name":"Events 2010 - Rhein Valley Line Dance Group","isPartOf":{"@id":"https:\/\/www.rheinvalley.li\/#website"},"primaryImageOfPage":{"@id":"https:\/\/www.rheinvalley.li\/?page_id=1722#primaryimage"},"image":{"@id":"https:\/\/www.rheinvalley.li\/?page_id=1722#primaryimage"},"thumbnailUrl":"http:\/\/www.rheinvalley.li\/wp-content\/uploads\/2010\/02\/rheinkrone-saal-300x200-1.png","datePublished":"2010-01-23T17:36:02+00:00","dateModified":"2010-12-23T15:28:14+00:00","breadcrumb":{"@id":"https:\/\/www.rheinvalley.li\/?page_id=1722#breadcrumb"},"inLanguage":"de","potentialAction":[{"@type":"ReadAction","target":["https:\/\/www.rheinvalley.li\/?page_id=1722"]}]},{"@type":"ImageObject","inLanguage":"de","@id":"https:\/\/www.rheinvalley.li\/?page_id=1722#primaryimage","url":"http:\/\/www.rheinvalley.li\/wp-content\/uploads\/2010\/02\/rheinkrone-saal-300x200-1.png","contentUrl":"http:\/\/www.rheinvalley.li\/wp-content\/uploads\/2010\/02\/rheinkrone-saal-300x200-1.png"},{"@type":"BreadcrumbList","@id":"https:\/\/www.rheinvalley.li\/?page_id=1722#breadcrumb","itemListElement":[{"@type":"ListItem","position":1,"name":"Home","item":"https:\/\/www.rheinvalley.li\/"},{"@type":"ListItem","position":2,"name":"Events &#8211; R\u00fcckblick","item":"https:\/\/www.rheinvalley.li\/?page_id=249"},{"@type":"ListItem","position":3,"name":"Events 2010"}]},{"@type":"WebSite","@id":"https:\/\/www.rheinvalley.li\/#website","url":"https:\/\/www.rheinvalley.li\/","name":"Rhein Valley Line Dance Group","description":"Weil Tanzen einfach Spass macht...(Schweiz-Liechtenstein-Mallorca)","publisher":{"@id":"https:\/\/www.rheinvalley.li\/#organization"},"potentialAction":[{"@type":"SearchAction","target":{"@type":"EntryPoint","urlTemplate":"https:\/\/www.rheinvalley.li\/?s={search_term_string}"},"query-input":{"@type":"PropertyValueSpecification","valueRequired":true,"valueName":"search_term_string"}}],"inLanguage":"de"},{"@type":"Organization","@id":"https:\/\/www.rheinvalley.li\/#organization","name":"Rhein Valley Line Dance Group","url":"https:\/\/www.rheinvalley.li\/","logo":{"@type":"ImageObject","inLanguage":"de","@id":"https:\/\/www.rheinvalley.li\/#\/schema\/logo\/image\/","url":"https:\/\/www.rheinvalley.li\/wp-content\/uploads\/2008\/08\/rheinvalley-hell.jpg","contentUrl":"https:\/\/www.rheinvalley.li\/wp-content\/uploads\/2008\/08\/rheinvalley-hell.jpg","width":112,"height":100,"caption":"Rhein Valley Line Dance Group"},"image":{"@id":"https:\/\/www.rheinvalley.li\/#\/schema\/logo\/image\/"}}]}},"_links":{"self":[{"href":"https:\/\/www.rheinvalley.li\/index.php?rest_route=\/wp\/v2\/pages\/1722","targetHints":{"allow":["GET"]}}],"collection":[{"href":"https:\/\/www.rheinvalley.li\/index.php?rest_route=\/wp\/v2\/pages"}],"about":[{"href":"https:\/\/www.rheinvalley.li\/index.php?rest_route=\/wp\/v2\/types\/page"}],"author":[{"embeddable":true,"href":"https:\/\/www.rheinvalley.li\/index.php?rest_route=\/wp\/v2\/users\/2"}],"replies":[{"embeddable":true,"href":"https:\/\/www.rheinvalley.li\/index.php?rest_route=%2Fwp%2Fv2%2Fcomments&post=1722"}],"version-history":[{"count":16,"href":"https:\/\/www.rheinvalley.li\/index.php?rest_route=\/wp\/v2\/pages\/1722\/revisions"}],"predecessor-version":[{"id":1731,"href":"https:\/\/www.rheinvalley.li\/index.php?rest_route=\/wp\/v2\/pages\/1722\/revisions\/1731"}],"up":[{"embeddable":true,"href":"https:\/\/www.rheinvalley.li\/index.php?rest_route=\/wp\/v2\/pages\/249"}],"wp:attachment":[{"href":"https:\/\/www.rheinvalley.li\/index.php?rest_route=%2Fwp%2Fv2%2Fmedia&parent=1722"}],"curies":[{"name":"wp","href":"https:\/\/api.w.org\/{rel}","templated":true}]}}