{"id":3490,"date":"2014-01-25T11:24:37","date_gmt":"2014-01-25T09:24:37","guid":{"rendered":"http:\/\/www.rheinvalley.li\/?page_id=3490"},"modified":"2014-12-02T13:42:25","modified_gmt":"2014-12-02T11:42:25","slug":"auftritte-2014","status":"publish","type":"page","link":"https:\/\/www.rheinvalley.li\/?page_id=3490","title":{"rendered":"Auftritte 2014"},"content":{"rendered":"<p><strong>Sonntag, 30. November 2014:<\/strong> Internationaler Bodensee Line Dance Cup Konstanz: 10-18Uhr -> Yehaa: 1. Platz in der Showklasse &#8211; Rhein Valley Line Dance Group<br \/>ngg_shortcode_0_placeholder\n<p><strong>Freitag, 28. November 2014:<\/strong> Rhein Valley Line Dance Group tanz ihre Weihnachtsshow im PizolPark Mels\/Sargans &#8211; MMM Pizol Sargans &#8211; um 17:30\/18:30\/19:30 Uhr &#8211; x-Mas Show mit Tanz und Gesang &#8211; vor dem Geb\u00e4ude -> der Coca Cola Weihnachtstruck<br \/>ngg_shortcode_1_placeholder\n<strong>Fotos C\u00e9line Zweifel &#8211; Vielen herzlichen Dank.<br \/>\n<\/strong><br \/>ngg_shortcode_2_placeholder\n<strong>Fotos Peter Kuhn &#8211; Vielen herzlichen Dank.<br \/>\n<\/strong><\/p>\n<p><strong>Samstag, 20. September 2014:<\/strong> Rhein Valley Hospital &#8211; 10 Jahre &#8211; Spital der Hoffnung &#8211; Benefizanlass &#8211; Mehrzweckhalle Amtacker, 9437 Marbach ab 19:30 &#8211; mit Nicolas Senn, Lisa Stoll, Grand Cannon, Carlo Lorenzi, Drums2Streests, Shem Thomas, Enderlin Chicks, Rhein Valley Line Dance Group<\/p>ngg_shortcode_3_placeholder<p><strong>Sonntag, 14. September 2014:<\/strong> Weinfest und Countryweekend Trasadingen\/SH &#8211; Showauftritte und Workshops<\/p>ngg_shortcode_4_placeholder<p><strong>Samstag, 13. September 2014:<\/strong> Weinfest Trasadingen\/SH &#8211; und Countryweekend &#8211; Showauftritte und Workshops<\/p>ngg_shortcode_5_placeholder<p><strong>Freitag, 29. August 2014:<\/strong> Auftritt am Country Festival Toggenburg &#8211; Unterwasser &#8211; 21:45 &#8211; 22:15 Uhr &#8211; Auszug aus unserer Show mit Tanz und Gesang<\/p>ngg_shortcode_6_placeholder<p><strong>Freitag, 01. August 2014:<\/strong> Auftritte an der Bundesfeier am B\u00fcrkliplatz in Z\u00fcrich<\/p>ngg_shortcode_7_placeholder<p><strong>Samstag, 05. Juli 2014:<\/strong> Auftritte in St. Luzisteig, u.a. mit Jenny Casey, Roberts&amp;Roberts, Lucky Pintos&#8230;danke an C\u00e9line f\u00fcr die Fotos, weitere Fotos folgen. \ud83d\ude42<\/p>ngg_shortcode_8_placeholder<p><strong>Samstag, 10. Mai 2014:<\/strong> Auftritt und Workshop anl\u00e4sslich eines 50. Geburtstag in Azmoos &#8211; \ud83d\ude42<\/p>ngg_shortcode_9_placeholder<p><strong>Samstag, 03. Mai 2014:<\/strong> Auftritte und Workshops an der Country Night in Wichtrach\/BE mit der Band Tennessee Heartbreakers und Andy Martin. Danke an die Organisatoren, die gute Betreuung und an die Technik und nat\u00fcrlich an das zahlreich erschienene Publikum. Getroffen habe ich Anita, welche bei mir in Mallorca war (danke f\u00fcr die Fotos), Ren\u00e9 Witschi vom Magazin Country Style \ud83d\ude09 und Ex-Sch\u00fclerin Karin, welche bei mir das Line Dance erlernt, bei mir unterrichtet hat und in der Showguppe war. \ud83d\ude42 Nun hat sie ihre eigene Schule, wozu ich ihr sehr viel Gl\u00fcck und Spass w\u00fcnsche. Der Abend war genial und die Tanzfl\u00e4chen immer prall gef\u00fcllt mit Line- und Paart\u00e4nzern. Auch ich konnte mit Umberto einige T\u00e4nze aufs Parkett legen. Danke daf\u00fcr. \ud83d\ude42 Danke meinen Showt\u00e4nzern f\u00fcr den Einsatz (trotz Jetlag \ud83d\ude42<\/p>ngg_shortcode_10_placeholder<p><strong>Donnerstag, 10. April 2014: <\/strong>Auftritt und Workshop auf der Jucker Farm in Rapperswil-Jona. So cooler Anlass mit der Band Rednex, so tolles Publikum! \ud83d\ude42<\/p>ngg_shortcode_11_placeholder<p><strong>Samstag, 15. Februar 2014: <\/strong>MGV Mauren: IRISH FOLK SONGS &amp; DANCE, mit Western Hemlock, Adriana Nigg, Rhein Valley Show Group, Gemeindesaal Mauren, 20:15 Uhr<\/p>ngg_shortcode_12_placeholder<p><strong>Freitag, 14. Februar 2014:<\/strong> MGV Mauren Irish &#8211; Gemeindesaal Mauren 20:15 Uhr, mit Western Hemlock, Rhein Valley Line Dance Group, Adriana Nigg<\/p>ngg_shortcode_13_placeholder","protected":false},"excerpt":{"rendered":"<p>Sonntag, 30. November 2014: Internationaler Bodensee Line Dance Cup Konstanz: 10-18Uhr -> Yehaa: 1. Platz in der Showklasse &#8211; Rhein Valley Line Dance Group Freitag, 28. November 2014: Rhein Valley Line Dance Group tanz ihre Weihnachtsshow im PizolPark Mels\/Sargans &#8211; MMM Pizol Sargans &#8211; um 17:30\/18:30\/19:30 Uhr &#8211; x-Mas Show mit Tanz und Gesang &#8211; [&hellip;]<\/p>\n","protected":false},"author":2,"featured_media":0,"parent":153,"menu_order":9,"comment_status":"open","ping_status":"closed","template":"","meta":{"ngg_post_thumbnail":0,"footnotes":""},"class_list":["post-3490","page","type-page","status-publish","hentry"],"yoast_head":"<!-- This site is optimized with the Yoast SEO plugin v26.7 - https:\/\/yoast.com\/wordpress\/plugins\/seo\/ -->\n<title>Auftritte 2014 - Rhein Valley Line Dance Group<\/title>\n<meta name=\"robots\" content=\"index, follow, max-snippet:-1, max-image-preview:large, max-video-preview:-1\" \/>\n<link rel=\"canonical\" href=\"https:\/\/www.rheinvalley.li\/?page_id=3490\" \/>\n<meta property=\"og:locale\" content=\"de_DE\" \/>\n<meta property=\"og:type\" content=\"article\" \/>\n<meta property=\"og:title\" content=\"Auftritte 2014 - Rhein Valley Line Dance Group\" \/>\n<meta property=\"og:description\" content=\"Sonntag, 30. November 2014: Internationaler Bodensee Line Dance Cup Konstanz: 10-18Uhr -&gt; Yehaa: 1. Platz in der Showklasse &#8211; Rhein Valley Line Dance Group Freitag, 28. November 2014: Rhein Valley Line Dance Group tanz ihre Weihnachtsshow im PizolPark Mels\/Sargans &#8211; MMM Pizol Sargans &#8211; um 17:30\/18:30\/19:30 Uhr &#8211; x-Mas Show mit Tanz und Gesang &#8211; [&hellip;]\" \/>\n<meta property=\"og:url\" content=\"https:\/\/www.rheinvalley.li\/?page_id=3490\" \/>\n<meta property=\"og:site_name\" content=\"Rhein Valley Line Dance Group\" \/>\n<meta property=\"article:modified_time\" content=\"2014-12-02T11:42:25+00:00\" \/>\n<meta name=\"twitter:label1\" content=\"Gesch\u00e4tzte Lesezeit\" \/>\n\t<meta name=\"twitter:data1\" content=\"2\u00a0Minuten\" \/>\n<script type=\"application\/ld+json\" class=\"yoast-schema-graph\">{\"@context\":\"https:\/\/schema.org\",\"@graph\":[{\"@type\":\"WebPage\",\"@id\":\"https:\/\/www.rheinvalley.li\/?page_id=3490\",\"url\":\"https:\/\/www.rheinvalley.li\/?page_id=3490\",\"name\":\"Auftritte 2014 - Rhein Valley Line Dance Group\",\"isPartOf\":{\"@id\":\"https:\/\/www.rheinvalley.li\/#website\"},\"datePublished\":\"2014-01-25T09:24:37+00:00\",\"dateModified\":\"2014-12-02T11:42:25+00:00\",\"breadcrumb\":{\"@id\":\"https:\/\/www.rheinvalley.li\/?page_id=3490#breadcrumb\"},\"inLanguage\":\"de\",\"potentialAction\":[{\"@type\":\"ReadAction\",\"target\":[\"https:\/\/www.rheinvalley.li\/?page_id=3490\"]}]},{\"@type\":\"BreadcrumbList\",\"@id\":\"https:\/\/www.rheinvalley.li\/?page_id=3490#breadcrumb\",\"itemListElement\":[{\"@type\":\"ListItem\",\"position\":1,\"name\":\"Home\",\"item\":\"https:\/\/www.rheinvalley.li\/\"},{\"@type\":\"ListItem\",\"position\":2,\"name\":\"Fotos\",\"item\":\"https:\/\/www.rheinvalley.li\/?page_id=153\"},{\"@type\":\"ListItem\",\"position\":3,\"name\":\"Auftritte 2014\"}]},{\"@type\":\"WebSite\",\"@id\":\"https:\/\/www.rheinvalley.li\/#website\",\"url\":\"https:\/\/www.rheinvalley.li\/\",\"name\":\"Rhein Valley Line Dance Group\",\"description\":\"Weil Tanzen einfach Spass macht...(Schweiz-Liechtenstein-Mallorca)\",\"publisher\":{\"@id\":\"https:\/\/www.rheinvalley.li\/#organization\"},\"potentialAction\":[{\"@type\":\"SearchAction\",\"target\":{\"@type\":\"EntryPoint\",\"urlTemplate\":\"https:\/\/www.rheinvalley.li\/?s={search_term_string}\"},\"query-input\":{\"@type\":\"PropertyValueSpecification\",\"valueRequired\":true,\"valueName\":\"search_term_string\"}}],\"inLanguage\":\"de\"},{\"@type\":\"Organization\",\"@id\":\"https:\/\/www.rheinvalley.li\/#organization\",\"name\":\"Rhein Valley Line Dance Group\",\"url\":\"https:\/\/www.rheinvalley.li\/\",\"logo\":{\"@type\":\"ImageObject\",\"inLanguage\":\"de\",\"@id\":\"https:\/\/www.rheinvalley.li\/#\/schema\/logo\/image\/\",\"url\":\"https:\/\/www.rheinvalley.li\/wp-content\/uploads\/2008\/08\/rheinvalley-hell.jpg\",\"contentUrl\":\"https:\/\/www.rheinvalley.li\/wp-content\/uploads\/2008\/08\/rheinvalley-hell.jpg\",\"width\":112,\"height\":100,\"caption\":\"Rhein Valley Line Dance Group\"},\"image\":{\"@id\":\"https:\/\/www.rheinvalley.li\/#\/schema\/logo\/image\/\"}}]}<\/script>\n<!-- \/ Yoast SEO plugin. -->","yoast_head_json":{"title":"Auftritte 2014 - Rhein Valley Line Dance Group","robots":{"index":"index","follow":"follow","max-snippet":"max-snippet:-1","max-image-preview":"max-image-preview:large","max-video-preview":"max-video-preview:-1"},"canonical":"https:\/\/www.rheinvalley.li\/?page_id=3490","og_locale":"de_DE","og_type":"article","og_title":"Auftritte 2014 - Rhein Valley Line Dance Group","og_description":"Sonntag, 30. November 2014: Internationaler Bodensee Line Dance Cup Konstanz: 10-18Uhr -> Yehaa: 1. Platz in der Showklasse &#8211; Rhein Valley Line Dance Group Freitag, 28. November 2014: Rhein Valley Line Dance Group tanz ihre Weihnachtsshow im PizolPark Mels\/Sargans &#8211; MMM Pizol Sargans &#8211; um 17:30\/18:30\/19:30 Uhr &#8211; x-Mas Show mit Tanz und Gesang &#8211; [&hellip;]","og_url":"https:\/\/www.rheinvalley.li\/?page_id=3490","og_site_name":"Rhein Valley Line Dance Group","article_modified_time":"2014-12-02T11:42:25+00:00","twitter_misc":{"Gesch\u00e4tzte Lesezeit":"2\u00a0Minuten"},"schema":{"@context":"https:\/\/schema.org","@graph":[{"@type":"WebPage","@id":"https:\/\/www.rheinvalley.li\/?page_id=3490","url":"https:\/\/www.rheinvalley.li\/?page_id=3490","name":"Auftritte 2014 - Rhein Valley Line Dance Group","isPartOf":{"@id":"https:\/\/www.rheinvalley.li\/#website"},"datePublished":"2014-01-25T09:24:37+00:00","dateModified":"2014-12-02T11:42:25+00:00","breadcrumb":{"@id":"https:\/\/www.rheinvalley.li\/?page_id=3490#breadcrumb"},"inLanguage":"de","potentialAction":[{"@type":"ReadAction","target":["https:\/\/www.rheinvalley.li\/?page_id=3490"]}]},{"@type":"BreadcrumbList","@id":"https:\/\/www.rheinvalley.li\/?page_id=3490#breadcrumb","itemListElement":[{"@type":"ListItem","position":1,"name":"Home","item":"https:\/\/www.rheinvalley.li\/"},{"@type":"ListItem","position":2,"name":"Fotos","item":"https:\/\/www.rheinvalley.li\/?page_id=153"},{"@type":"ListItem","position":3,"name":"Auftritte 2014"}]},{"@type":"WebSite","@id":"https:\/\/www.rheinvalley.li\/#website","url":"https:\/\/www.rheinvalley.li\/","name":"Rhein Valley Line Dance Group","description":"Weil Tanzen einfach Spass macht...(Schweiz-Liechtenstein-Mallorca)","publisher":{"@id":"https:\/\/www.rheinvalley.li\/#organization"},"potentialAction":[{"@type":"SearchAction","target":{"@type":"EntryPoint","urlTemplate":"https:\/\/www.rheinvalley.li\/?s={search_term_string}"},"query-input":{"@type":"PropertyValueSpecification","valueRequired":true,"valueName":"search_term_string"}}],"inLanguage":"de"},{"@type":"Organization","@id":"https:\/\/www.rheinvalley.li\/#organization","name":"Rhein Valley Line Dance Group","url":"https:\/\/www.rheinvalley.li\/","logo":{"@type":"ImageObject","inLanguage":"de","@id":"https:\/\/www.rheinvalley.li\/#\/schema\/logo\/image\/","url":"https:\/\/www.rheinvalley.li\/wp-content\/uploads\/2008\/08\/rheinvalley-hell.jpg","contentUrl":"https:\/\/www.rheinvalley.li\/wp-content\/uploads\/2008\/08\/rheinvalley-hell.jpg","width":112,"height":100,"caption":"Rhein Valley Line Dance Group"},"image":{"@id":"https:\/\/www.rheinvalley.li\/#\/schema\/logo\/image\/"}}]}},"_links":{"self":[{"href":"https:\/\/www.rheinvalley.li\/index.php?rest_route=\/wp\/v2\/pages\/3490","targetHints":{"allow":["GET"]}}],"collection":[{"href":"https:\/\/www.rheinvalley.li\/index.php?rest_route=\/wp\/v2\/pages"}],"about":[{"href":"https:\/\/www.rheinvalley.li\/index.php?rest_route=\/wp\/v2\/types\/page"}],"author":[{"embeddable":true,"href":"https:\/\/www.rheinvalley.li\/index.php?rest_route=\/wp\/v2\/users\/2"}],"replies":[{"embeddable":true,"href":"https:\/\/www.rheinvalley.li\/index.php?rest_route=%2Fwp%2Fv2%2Fcomments&post=3490"}],"version-history":[{"count":27,"href":"https:\/\/www.rheinvalley.li\/index.php?rest_route=\/wp\/v2\/pages\/3490\/revisions"}],"predecessor-version":[{"id":7433,"href":"https:\/\/www.rheinvalley.li\/index.php?rest_route=\/wp\/v2\/pages\/3490\/revisions\/7433"}],"up":[{"embeddable":true,"href":"https:\/\/www.rheinvalley.li\/index.php?rest_route=\/wp\/v2\/pages\/153"}],"wp:attachment":[{"href":"https:\/\/www.rheinvalley.li\/index.php?rest_route=%2Fwp%2Fv2%2Fmedia&parent=3490"}],"curies":[{"name":"wp","href":"https:\/\/api.w.org\/{rel}","templated":true}]}}