{"id":44902,"date":"2017-11-12T13:08:59","date_gmt":"2017-11-12T11:08:59","guid":{"rendered":"http:\/\/www.rheinvalley.li\/?page_id=44902"},"modified":"2018-12-15T11:38:27","modified_gmt":"2018-12-15T09:38:27","slug":"events-2018","status":"publish","type":"page","link":"https:\/\/www.rheinvalley.li\/?page_id=44902","title":{"rendered":"Events 2018"},"content":{"rendered":"<p><strong>Freitag, 12. Januar 2018<\/strong> &#8211; Workshop in Gossau (Firma, geschlossene Gesellschaft)<\/p>\n<p><strong>Freitag, 06. April 2018: <\/strong>Line Dance Night im Restaurant Sch\u00e4fli in Oberriet-Moos &#8211; K\u00fcche ab 17 Uhr, Dance Night ab 19:30 Uhr<\/p>\n<p>Geburtstagswoche 1.-5. Mai 2018<br \/>\nMittwoch, 02. Mai &#8211; Tanzkurs und Fest in der Dance Hall in Bendern<\/p>\n<p><strong>Samstag, 05. Mai 2018:<\/strong> Geburtstags-Line-Dance-Party in der Dance Hall in Bendern ab 19:30 Uhr<\/p>\n<p><strong>Freitag, 18. Mai 2018:<\/strong> Auftritt 21 Uhr &#8211; BBQ Schaan &#8211; Linde Platz SAL<\/p>\n<p><strong>Sonntag, 13. &#8211; 20. Mai 2018:<\/strong> 33. Rhein Valley Line Dance Woche im Hotel Marqu\u00e9s in Colonia St. Jordi &#8211; Mallorca<\/p>\n<p><strong>Dienstag, 22. Mai 2018:<\/strong> Workshop f\u00fcr Post AG mit Umberto &#8211; B\u00e4chlihof Jona Rapperswil (Nachmittag, geschlossene Gesellschaft)<\/p>\n<p><strong>Sonntag, 20. &#8211; 27. Mai 2018:<\/strong> 34. Rhein Valley Line Dance Woche im Hotel Marqu\u00e9s in Colonia St. Jordi &#8211; Mallorca (tanzen im Chiriguito 5 illes und im Restaurant im Dorf Molt Be)<\/p>\n<p><strong>Samstag, 09. Juni 2018:<\/strong> Auftritte und Workshop &#8211; Benefiz-Veranstaltung: Golfen mit Herz &#8211; Golfclub Bad Ragaz &#8211; 18:30 Uhr (geschlossene Gesellschaft) Motto: Texas<\/p>\n<p><strong>Mittwoch, 01. August 2018:<\/strong> Auftritte an der Bundesfeier in Z\u00fcrich &#8211; B\u00fcrkliplatz &#8211; tags\u00fcber \ud83d\ude42 insgesamt 4 Shows ab 12 Uhr (immer andere T\u00e4nze und andere Outfits)<\/p>\n<p><strong>Freitag, 17. August 2018:<\/strong> Geburifest Doris &#8211; Auftritte? \ud83d\ude42 ab 18 Uhr<\/p>\n<p><strong>Samstag, 18. August 2018:<\/strong> Sommernachtsfest &#8211; Live Music Alpenexress Didie\/Oskar- Restaurant Sch\u00e4fli Oberriet &#8211; M\u00f6glichkeit Line Dance zu tanzen und anderes ab 18 Uhr &#8211; Poulet vom Grill mit Salat \u00e0 Discretion CHF 14.50<\/p>\n<p><strong>Sonntag, 19. August 2018:<\/strong> 11 Uhr Gemeindesporttag Schellenberg &#8211; Workshop (ca 11:30 und 14:45) und Auftritt (ca 14:00) &#8211; Nachmittags &#8211; Motto: Der Wilde Westen<\/p>\n<p><strong>Freitag, 24. August 2018:<\/strong> Auftritt am Country Festival in Unterwasser &#8211; Country City Toggenburg um 21:45 Uhr<\/p>\n<p><strong>Sonntag, 26. August 2018: <\/strong>Line Dance bei Kaffee und Kuchen in der Dance Hall, Eschnerstrasse 64, 9487 Bendern &#8211; zwischen 14:30 &#8211; 17:30 Uhr<\/p>\n<p><strong>Samstag, 08. September 2018:<\/strong> Showauftritte in Ridamm-City f\u00fcr die Firma Hilti (geschlossene Gesellschaft), tags\u00fcber<\/p>\n<p><strong>Montag, 10. September bis Sonntag 16. September 2018:<\/strong>&nbsp; 2. Line Dance Woche im Hotel Helvetia Intergolf in Crans Montana<\/p>\n<p><strong>Freitag, 21. September 2018:<\/strong> Showauftritte f\u00fcr Reproad, Vianco Arena Brunegg\/AG ab ca 20 Uhr (geschlossene Gesellschaft)<\/p>\n<p><strong>Samstag, 22. September 2018:<\/strong> Workshop Houenranch &#8211; Ebertswil &#8211; Tags\u00fcber<\/p>\n<p><strong>Sonntag, 30. Sept. &#8211; 7. Oktober 2018:<\/strong> 35. Rhein Valley Line Dance Woche im Hotel Florida in Magaluf, Mallorca<\/p>\n<p><strong>Sonntag, 7. &#8211; 14. Oktober 2018: <\/strong>36. Rhein Valley Line Dance Woche im Hotel Romantica, Colonia St. Jordi, Mallorca<\/p>\n<p><strong>Sonntag, 14. &#8211; 21. Oktober 2018:<\/strong> 37. Rhein Valley Line Dance Woche im Hotel Laguna in Canyamel, Mallorca<\/p>\n<p><strong>Freitag, 14. Dezember 2018:<\/strong> Auftritte f\u00fcr die Firma TISCA in Teufen\/Appenzell &#8211; Zeughaus &#8211; ca ab 19:15 Uhr (geschlossene Gesellschaft)<\/p>\n<p>&nbsp;<\/p>\n<p><strong>Donnerstag, 01. August 2019:<\/strong> Showauftritte an der Bundesfeier in Z\u00fcrich &#8211; B\u00fcrkliplatz ab Mittag &#8211; bereits zum f\u00fcnften Mal d\u00fcrfen wir die Feier mit unseren Shows untermalen<\/p>\n","protected":false},"excerpt":{"rendered":"<p>Freitag, 12. Januar 2018 &#8211; Workshop in Gossau (Firma, geschlossene Gesellschaft) Freitag, 06. April 2018: Line Dance Night im Restaurant Sch\u00e4fli in Oberriet-Moos &#8211; K\u00fcche ab 17 Uhr, Dance Night ab 19:30 Uhr Geburtstagswoche 1.-5. Mai 2018 Mittwoch, 02. Mai &#8211; Tanzkurs und Fest in der Dance Hall in Bendern Samstag, 05. Mai 2018: Geburtstags-Line-Dance-Party [&hellip;]<\/p>\n","protected":false},"author":2,"featured_media":0,"parent":0,"menu_order":0,"comment_status":"closed","ping_status":"closed","template":"","meta":{"ngg_post_thumbnail":0,"footnotes":""},"class_list":["post-44902","page","type-page","status-publish","hentry"],"yoast_head":"<!-- This site is optimized with the Yoast SEO plugin v26.7 - https:\/\/yoast.com\/wordpress\/plugins\/seo\/ -->\n<title>Events 2018 - Rhein Valley Line Dance Group<\/title>\n<meta name=\"robots\" content=\"index, follow, max-snippet:-1, max-image-preview:large, max-video-preview:-1\" \/>\n<link rel=\"canonical\" href=\"https:\/\/www.rheinvalley.li\/?page_id=44902\" \/>\n<meta property=\"og:locale\" content=\"de_DE\" \/>\n<meta property=\"og:type\" content=\"article\" \/>\n<meta property=\"og:title\" content=\"Events 2018 - Rhein Valley Line Dance Group\" \/>\n<meta property=\"og:description\" content=\"Freitag, 12. Januar 2018 &#8211; Workshop in Gossau (Firma, geschlossene Gesellschaft) Freitag, 06. April 2018: Line Dance Night im Restaurant Sch\u00e4fli in Oberriet-Moos &#8211; K\u00fcche ab 17 Uhr, Dance Night ab 19:30 Uhr Geburtstagswoche 1.-5. Mai 2018 Mittwoch, 02. Mai &#8211; Tanzkurs und Fest in der Dance Hall in Bendern Samstag, 05. Mai 2018: Geburtstags-Line-Dance-Party [&hellip;]\" \/>\n<meta property=\"og:url\" content=\"https:\/\/www.rheinvalley.li\/?page_id=44902\" \/>\n<meta property=\"og:site_name\" content=\"Rhein Valley Line Dance Group\" \/>\n<meta property=\"article:modified_time\" content=\"2018-12-15T09:38:27+00:00\" \/>\n<meta name=\"twitter:label1\" content=\"Gesch\u00e4tzte Lesezeit\" \/>\n\t<meta name=\"twitter:data1\" content=\"2\u00a0Minuten\" \/>\n<script type=\"application\/ld+json\" class=\"yoast-schema-graph\">{\"@context\":\"https:\/\/schema.org\",\"@graph\":[{\"@type\":\"WebPage\",\"@id\":\"https:\/\/www.rheinvalley.li\/?page_id=44902\",\"url\":\"https:\/\/www.rheinvalley.li\/?page_id=44902\",\"name\":\"Events 2018 - Rhein Valley Line Dance Group\",\"isPartOf\":{\"@id\":\"https:\/\/www.rheinvalley.li\/#website\"},\"datePublished\":\"2017-11-12T11:08:59+00:00\",\"dateModified\":\"2018-12-15T09:38:27+00:00\",\"breadcrumb\":{\"@id\":\"https:\/\/www.rheinvalley.li\/?page_id=44902#breadcrumb\"},\"inLanguage\":\"de\",\"potentialAction\":[{\"@type\":\"ReadAction\",\"target\":[\"https:\/\/www.rheinvalley.li\/?page_id=44902\"]}]},{\"@type\":\"BreadcrumbList\",\"@id\":\"https:\/\/www.rheinvalley.li\/?page_id=44902#breadcrumb\",\"itemListElement\":[{\"@type\":\"ListItem\",\"position\":1,\"name\":\"Home\",\"item\":\"https:\/\/www.rheinvalley.li\/\"},{\"@type\":\"ListItem\",\"position\":2,\"name\":\"Events 2018\"}]},{\"@type\":\"WebSite\",\"@id\":\"https:\/\/www.rheinvalley.li\/#website\",\"url\":\"https:\/\/www.rheinvalley.li\/\",\"name\":\"Rhein Valley Line Dance Group\",\"description\":\"Weil Tanzen einfach Spass macht...(Schweiz-Liechtenstein-Mallorca)\",\"publisher\":{\"@id\":\"https:\/\/www.rheinvalley.li\/#organization\"},\"potentialAction\":[{\"@type\":\"SearchAction\",\"target\":{\"@type\":\"EntryPoint\",\"urlTemplate\":\"https:\/\/www.rheinvalley.li\/?s={search_term_string}\"},\"query-input\":{\"@type\":\"PropertyValueSpecification\",\"valueRequired\":true,\"valueName\":\"search_term_string\"}}],\"inLanguage\":\"de\"},{\"@type\":\"Organization\",\"@id\":\"https:\/\/www.rheinvalley.li\/#organization\",\"name\":\"Rhein Valley Line Dance Group\",\"url\":\"https:\/\/www.rheinvalley.li\/\",\"logo\":{\"@type\":\"ImageObject\",\"inLanguage\":\"de\",\"@id\":\"https:\/\/www.rheinvalley.li\/#\/schema\/logo\/image\/\",\"url\":\"https:\/\/www.rheinvalley.li\/wp-content\/uploads\/2008\/08\/rheinvalley-hell.jpg\",\"contentUrl\":\"https:\/\/www.rheinvalley.li\/wp-content\/uploads\/2008\/08\/rheinvalley-hell.jpg\",\"width\":112,\"height\":100,\"caption\":\"Rhein Valley Line Dance Group\"},\"image\":{\"@id\":\"https:\/\/www.rheinvalley.li\/#\/schema\/logo\/image\/\"}}]}<\/script>\n<!-- \/ Yoast SEO plugin. -->","yoast_head_json":{"title":"Events 2018 - Rhein Valley Line Dance Group","robots":{"index":"index","follow":"follow","max-snippet":"max-snippet:-1","max-image-preview":"max-image-preview:large","max-video-preview":"max-video-preview:-1"},"canonical":"https:\/\/www.rheinvalley.li\/?page_id=44902","og_locale":"de_DE","og_type":"article","og_title":"Events 2018 - Rhein Valley Line Dance Group","og_description":"Freitag, 12. Januar 2018 &#8211; Workshop in Gossau (Firma, geschlossene Gesellschaft) Freitag, 06. April 2018: Line Dance Night im Restaurant Sch\u00e4fli in Oberriet-Moos &#8211; K\u00fcche ab 17 Uhr, Dance Night ab 19:30 Uhr Geburtstagswoche 1.-5. Mai 2018 Mittwoch, 02. Mai &#8211; Tanzkurs und Fest in der Dance Hall in Bendern Samstag, 05. Mai 2018: Geburtstags-Line-Dance-Party [&hellip;]","og_url":"https:\/\/www.rheinvalley.li\/?page_id=44902","og_site_name":"Rhein Valley Line Dance Group","article_modified_time":"2018-12-15T09:38:27+00:00","twitter_misc":{"Gesch\u00e4tzte Lesezeit":"2\u00a0Minuten"},"schema":{"@context":"https:\/\/schema.org","@graph":[{"@type":"WebPage","@id":"https:\/\/www.rheinvalley.li\/?page_id=44902","url":"https:\/\/www.rheinvalley.li\/?page_id=44902","name":"Events 2018 - Rhein Valley Line Dance Group","isPartOf":{"@id":"https:\/\/www.rheinvalley.li\/#website"},"datePublished":"2017-11-12T11:08:59+00:00","dateModified":"2018-12-15T09:38:27+00:00","breadcrumb":{"@id":"https:\/\/www.rheinvalley.li\/?page_id=44902#breadcrumb"},"inLanguage":"de","potentialAction":[{"@type":"ReadAction","target":["https:\/\/www.rheinvalley.li\/?page_id=44902"]}]},{"@type":"BreadcrumbList","@id":"https:\/\/www.rheinvalley.li\/?page_id=44902#breadcrumb","itemListElement":[{"@type":"ListItem","position":1,"name":"Home","item":"https:\/\/www.rheinvalley.li\/"},{"@type":"ListItem","position":2,"name":"Events 2018"}]},{"@type":"WebSite","@id":"https:\/\/www.rheinvalley.li\/#website","url":"https:\/\/www.rheinvalley.li\/","name":"Rhein Valley Line Dance Group","description":"Weil Tanzen einfach Spass macht...(Schweiz-Liechtenstein-Mallorca)","publisher":{"@id":"https:\/\/www.rheinvalley.li\/#organization"},"potentialAction":[{"@type":"SearchAction","target":{"@type":"EntryPoint","urlTemplate":"https:\/\/www.rheinvalley.li\/?s={search_term_string}"},"query-input":{"@type":"PropertyValueSpecification","valueRequired":true,"valueName":"search_term_string"}}],"inLanguage":"de"},{"@type":"Organization","@id":"https:\/\/www.rheinvalley.li\/#organization","name":"Rhein Valley Line Dance Group","url":"https:\/\/www.rheinvalley.li\/","logo":{"@type":"ImageObject","inLanguage":"de","@id":"https:\/\/www.rheinvalley.li\/#\/schema\/logo\/image\/","url":"https:\/\/www.rheinvalley.li\/wp-content\/uploads\/2008\/08\/rheinvalley-hell.jpg","contentUrl":"https:\/\/www.rheinvalley.li\/wp-content\/uploads\/2008\/08\/rheinvalley-hell.jpg","width":112,"height":100,"caption":"Rhein Valley Line Dance Group"},"image":{"@id":"https:\/\/www.rheinvalley.li\/#\/schema\/logo\/image\/"}}]}},"_links":{"self":[{"href":"https:\/\/www.rheinvalley.li\/index.php?rest_route=\/wp\/v2\/pages\/44902","targetHints":{"allow":["GET"]}}],"collection":[{"href":"https:\/\/www.rheinvalley.li\/index.php?rest_route=\/wp\/v2\/pages"}],"about":[{"href":"https:\/\/www.rheinvalley.li\/index.php?rest_route=\/wp\/v2\/types\/page"}],"author":[{"embeddable":true,"href":"https:\/\/www.rheinvalley.li\/index.php?rest_route=\/wp\/v2\/users\/2"}],"replies":[{"embeddable":true,"href":"https:\/\/www.rheinvalley.li\/index.php?rest_route=%2Fwp%2Fv2%2Fcomments&post=44902"}],"version-history":[{"count":12,"href":"https:\/\/www.rheinvalley.li\/index.php?rest_route=\/wp\/v2\/pages\/44902\/revisions"}],"predecessor-version":[{"id":53764,"href":"https:\/\/www.rheinvalley.li\/index.php?rest_route=\/wp\/v2\/pages\/44902\/revisions\/53764"}],"wp:attachment":[{"href":"https:\/\/www.rheinvalley.li\/index.php?rest_route=%2Fwp%2Fv2%2Fmedia&parent=44902"}],"curies":[{"name":"wp","href":"https:\/\/api.w.org\/{rel}","templated":true}]}}