{"id":56,"date":"2008-08-12T14:46:40","date_gmt":"2008-08-12T13:46:40","guid":{"rendered":"http:\/\/rheinvalley.wordpress.com\/?page_id=71"},"modified":"2015-12-24T10:29:39","modified_gmt":"2015-12-24T08:29:39","slug":"history","status":"publish","type":"page","link":"https:\/\/www.rheinvalley.li\/?page_id=56","title":{"rendered":"History"},"content":{"rendered":"<p><strong><a href='https:\/\/www.rheinvalley.li\/wp-content\/uploads\/2008\/08\/Lebenslauf.pdf'>Lebenslauf<\/a><\/strong><em><\/em> Lizzy Elkuch-Heid<\/p>\n<p><strong>Was ist Line Dance ?<\/strong><\/p>\n<p>Line Dance wird, wie der Name es bereits sagt, in Linien neben- und hintereinander getanzt. Es sind festgelegte, sich wiederholende Figuren, die synchron von der Gruppe vorgef\u00fchrt werden &#8211; also \u00e4hnlich einem Formationstanz. Es gibt T\u00e4nze, die nur aus wenigen Figuren bestehen, bis hin zu T\u00e4nzen die mehr als 60 Schrittfolgen beinhalten, die synchron von der Gruppe vorgef\u00fchrt werden &#8211; also \u00e4hnlich einem Formationstanz.\u00a0<br \/>\n\u00a0<br \/>\n<strong>Warum fasziniert Line Dance Jung und Alt?<br \/>\n<\/strong><strong><br \/>\n<\/strong>Niemand mu\u00df hier jemanden f\u00fchren oder Angst haben, seinem Partner auf die F\u00fcsse zu treten. Jeder tanzt hier sozusagen SOLO. Schrittfehler sind nicht so schlimm &#8211; man reiht sich einfach wieder ein und tanzt weiter. Getanzt wird auf die, ins Blut gehende, Country oder New Country Music. Man kann spontan mit anderen Line Dance Gruppen getanzt werden, da die meisten T\u00e4nze f\u00fcr bestimmte Musikst\u00fccke choreographiert wurden und diese Tanzschritte sich schnell verbreiten. Es ist schon ein besonderes Erlebnis, bei Veranstaltungen 50-60 Line Dancer auf der Tanzfl\u00e4che zu erleben.\u00a0<br \/>\n\u00a0<br \/>\n<strong>Wie ist Line Dance entstanden?<\/strong><\/p>\n<p><strong> <\/strong><\/p>\n<p>Gesicherte Informationen hier\u00fcber gibt es nicht &#8211; nur eine Menge Spekulationen. Hier die am meisten verbreitete Version:<\/p>\n<p>Die Emigranten, die einst die heutigen USA besiedelten, hatten selbstverst\u00e4ndlich auch ihr kulturelles Erbe im Gep\u00e4ck. Von Clant\u00e4nzen der Iren und der Schotten, von Menuett \u00fcber Polka und Contra Dance, sowie vielen anderen Tanzformen, wurden diese in der neuen Welt gepflegt, vielen Leuten n\u00e4her gebracht, aber teilweise auch vernachl\u00e4ssigt und vergessen.<\/p>\n<p>Viele Tanzformen wurden in den Schulen als Unterrichtsfach \u00fcbernommen. Auch heute noch gibt es viele Schulen in den USA, in denen das Tanzen als Pflichtprogramm in den Unterrichtsf\u00e4chern auftaucht. Auch der &#8222;Contre Dance&#8220; der Franzosen, bei denen sich zwei Linien gegen\u00fcberstehen, trug sicherlich zur Gesamtentstehung des heutigen Line Dances bei.<\/p>\n<p>Nun ein zeitlicher Sprung in die \u00c4ra des Rock&#8217;n Roll. Ende der 50er, Anfang der 60er Jahre ging man verst\u00e4rkt dazu \u00fcber in Reihen zu tanzen. Highlight in dieser Zeit war die amerikanische TV Sendung &#8222;American Bandstand&#8220;, in der &#8211; nun auch unter der Bezeichnung Line Dance &#8211; die neuesten T\u00e4nze w\u00f6chentlich gezeigt wurden. Es handelte sich um sehr einfache Schrittmuster, zum Beispiel den &#8222;Elephant Walk&#8220;. In den folgenden Jahrzehnten zeichnen sich sicherlich Filme wie &#8222;Urban Cowboy&#8220; mit John Travolta (1980) oder Billy Ray Cyrus Hit &#8222;Achy breaky heart&#8220; (1995) und viele andere f\u00fcr den nicht endenden Boom LINE DANCE verantwortlich.<\/p>\n","protected":false},"excerpt":{"rendered":"<p>Lebenslauf Lizzy Elkuch-Heid Was ist Line Dance ? Line Dance wird, wie der Name es bereits sagt, in Linien neben- und hintereinander getanzt. Es sind festgelegte, sich wiederholende Figuren, die synchron von der Gruppe vorgef\u00fchrt werden &#8211; also \u00e4hnlich einem Formationstanz. Es gibt T\u00e4nze, die nur aus wenigen Figuren bestehen, bis hin zu T\u00e4nzen die [&hellip;]<\/p>\n","protected":false},"author":2,"featured_media":0,"parent":0,"menu_order":10,"comment_status":"open","ping_status":"closed","template":"","meta":{"ngg_post_thumbnail":0,"footnotes":""},"class_list":["post-56","page","type-page","status-publish","hentry"],"yoast_head":"<!-- This site is optimized with the Yoast SEO plugin v26.7 - https:\/\/yoast.com\/wordpress\/plugins\/seo\/ -->\n<title>History - Rhein Valley Line Dance Group<\/title>\n<meta name=\"robots\" content=\"index, follow, max-snippet:-1, max-image-preview:large, max-video-preview:-1\" \/>\n<link rel=\"canonical\" href=\"https:\/\/www.rheinvalley.li\/?page_id=56\" \/>\n<meta property=\"og:locale\" content=\"de_DE\" \/>\n<meta property=\"og:type\" content=\"article\" \/>\n<meta property=\"og:title\" content=\"History - Rhein Valley Line Dance Group\" \/>\n<meta property=\"og:description\" content=\"Lebenslauf Lizzy Elkuch-Heid Was ist Line Dance ? Line Dance wird, wie der Name es bereits sagt, in Linien neben- und hintereinander getanzt. Es sind festgelegte, sich wiederholende Figuren, die synchron von der Gruppe vorgef\u00fchrt werden &#8211; also \u00e4hnlich einem Formationstanz. Es gibt T\u00e4nze, die nur aus wenigen Figuren bestehen, bis hin zu T\u00e4nzen die [&hellip;]\" \/>\n<meta property=\"og:url\" content=\"https:\/\/www.rheinvalley.li\/?page_id=56\" \/>\n<meta property=\"og:site_name\" content=\"Rhein Valley Line Dance Group\" \/>\n<meta property=\"article:modified_time\" content=\"2015-12-24T08:29:39+00:00\" \/>\n<meta name=\"twitter:label1\" content=\"Gesch\u00e4tzte Lesezeit\" \/>\n\t<meta name=\"twitter:data1\" content=\"2\u00a0Minuten\" \/>\n<script type=\"application\/ld+json\" class=\"yoast-schema-graph\">{\"@context\":\"https:\/\/schema.org\",\"@graph\":[{\"@type\":\"WebPage\",\"@id\":\"https:\/\/www.rheinvalley.li\/?page_id=56\",\"url\":\"https:\/\/www.rheinvalley.li\/?page_id=56\",\"name\":\"History - Rhein Valley Line Dance Group\",\"isPartOf\":{\"@id\":\"https:\/\/www.rheinvalley.li\/#website\"},\"datePublished\":\"2008-08-12T13:46:40+00:00\",\"dateModified\":\"2015-12-24T08:29:39+00:00\",\"breadcrumb\":{\"@id\":\"https:\/\/www.rheinvalley.li\/?page_id=56#breadcrumb\"},\"inLanguage\":\"de\",\"potentialAction\":[{\"@type\":\"ReadAction\",\"target\":[\"https:\/\/www.rheinvalley.li\/?page_id=56\"]}]},{\"@type\":\"BreadcrumbList\",\"@id\":\"https:\/\/www.rheinvalley.li\/?page_id=56#breadcrumb\",\"itemListElement\":[{\"@type\":\"ListItem\",\"position\":1,\"name\":\"Home\",\"item\":\"https:\/\/www.rheinvalley.li\/\"},{\"@type\":\"ListItem\",\"position\":2,\"name\":\"History\"}]},{\"@type\":\"WebSite\",\"@id\":\"https:\/\/www.rheinvalley.li\/#website\",\"url\":\"https:\/\/www.rheinvalley.li\/\",\"name\":\"Rhein Valley Line Dance Group\",\"description\":\"Weil Tanzen einfach Spass macht...(Schweiz-Liechtenstein-Mallorca)\",\"publisher\":{\"@id\":\"https:\/\/www.rheinvalley.li\/#organization\"},\"potentialAction\":[{\"@type\":\"SearchAction\",\"target\":{\"@type\":\"EntryPoint\",\"urlTemplate\":\"https:\/\/www.rheinvalley.li\/?s={search_term_string}\"},\"query-input\":{\"@type\":\"PropertyValueSpecification\",\"valueRequired\":true,\"valueName\":\"search_term_string\"}}],\"inLanguage\":\"de\"},{\"@type\":\"Organization\",\"@id\":\"https:\/\/www.rheinvalley.li\/#organization\",\"name\":\"Rhein Valley Line Dance Group\",\"url\":\"https:\/\/www.rheinvalley.li\/\",\"logo\":{\"@type\":\"ImageObject\",\"inLanguage\":\"de\",\"@id\":\"https:\/\/www.rheinvalley.li\/#\/schema\/logo\/image\/\",\"url\":\"https:\/\/www.rheinvalley.li\/wp-content\/uploads\/2008\/08\/rheinvalley-hell.jpg\",\"contentUrl\":\"https:\/\/www.rheinvalley.li\/wp-content\/uploads\/2008\/08\/rheinvalley-hell.jpg\",\"width\":112,\"height\":100,\"caption\":\"Rhein Valley Line Dance Group\"},\"image\":{\"@id\":\"https:\/\/www.rheinvalley.li\/#\/schema\/logo\/image\/\"}}]}<\/script>\n<!-- \/ Yoast SEO plugin. -->","yoast_head_json":{"title":"History - Rhein Valley Line Dance Group","robots":{"index":"index","follow":"follow","max-snippet":"max-snippet:-1","max-image-preview":"max-image-preview:large","max-video-preview":"max-video-preview:-1"},"canonical":"https:\/\/www.rheinvalley.li\/?page_id=56","og_locale":"de_DE","og_type":"article","og_title":"History - Rhein Valley Line Dance Group","og_description":"Lebenslauf Lizzy Elkuch-Heid Was ist Line Dance ? Line Dance wird, wie der Name es bereits sagt, in Linien neben- und hintereinander getanzt. Es sind festgelegte, sich wiederholende Figuren, die synchron von der Gruppe vorgef\u00fchrt werden &#8211; also \u00e4hnlich einem Formationstanz. Es gibt T\u00e4nze, die nur aus wenigen Figuren bestehen, bis hin zu T\u00e4nzen die [&hellip;]","og_url":"https:\/\/www.rheinvalley.li\/?page_id=56","og_site_name":"Rhein Valley Line Dance Group","article_modified_time":"2015-12-24T08:29:39+00:00","twitter_misc":{"Gesch\u00e4tzte Lesezeit":"2\u00a0Minuten"},"schema":{"@context":"https:\/\/schema.org","@graph":[{"@type":"WebPage","@id":"https:\/\/www.rheinvalley.li\/?page_id=56","url":"https:\/\/www.rheinvalley.li\/?page_id=56","name":"History - Rhein Valley Line Dance Group","isPartOf":{"@id":"https:\/\/www.rheinvalley.li\/#website"},"datePublished":"2008-08-12T13:46:40+00:00","dateModified":"2015-12-24T08:29:39+00:00","breadcrumb":{"@id":"https:\/\/www.rheinvalley.li\/?page_id=56#breadcrumb"},"inLanguage":"de","potentialAction":[{"@type":"ReadAction","target":["https:\/\/www.rheinvalley.li\/?page_id=56"]}]},{"@type":"BreadcrumbList","@id":"https:\/\/www.rheinvalley.li\/?page_id=56#breadcrumb","itemListElement":[{"@type":"ListItem","position":1,"name":"Home","item":"https:\/\/www.rheinvalley.li\/"},{"@type":"ListItem","position":2,"name":"History"}]},{"@type":"WebSite","@id":"https:\/\/www.rheinvalley.li\/#website","url":"https:\/\/www.rheinvalley.li\/","name":"Rhein Valley Line Dance Group","description":"Weil Tanzen einfach Spass macht...(Schweiz-Liechtenstein-Mallorca)","publisher":{"@id":"https:\/\/www.rheinvalley.li\/#organization"},"potentialAction":[{"@type":"SearchAction","target":{"@type":"EntryPoint","urlTemplate":"https:\/\/www.rheinvalley.li\/?s={search_term_string}"},"query-input":{"@type":"PropertyValueSpecification","valueRequired":true,"valueName":"search_term_string"}}],"inLanguage":"de"},{"@type":"Organization","@id":"https:\/\/www.rheinvalley.li\/#organization","name":"Rhein Valley Line Dance Group","url":"https:\/\/www.rheinvalley.li\/","logo":{"@type":"ImageObject","inLanguage":"de","@id":"https:\/\/www.rheinvalley.li\/#\/schema\/logo\/image\/","url":"https:\/\/www.rheinvalley.li\/wp-content\/uploads\/2008\/08\/rheinvalley-hell.jpg","contentUrl":"https:\/\/www.rheinvalley.li\/wp-content\/uploads\/2008\/08\/rheinvalley-hell.jpg","width":112,"height":100,"caption":"Rhein Valley Line Dance Group"},"image":{"@id":"https:\/\/www.rheinvalley.li\/#\/schema\/logo\/image\/"}}]}},"_links":{"self":[{"href":"https:\/\/www.rheinvalley.li\/index.php?rest_route=\/wp\/v2\/pages\/56","targetHints":{"allow":["GET"]}}],"collection":[{"href":"https:\/\/www.rheinvalley.li\/index.php?rest_route=\/wp\/v2\/pages"}],"about":[{"href":"https:\/\/www.rheinvalley.li\/index.php?rest_route=\/wp\/v2\/types\/page"}],"author":[{"embeddable":true,"href":"https:\/\/www.rheinvalley.li\/index.php?rest_route=\/wp\/v2\/users\/2"}],"replies":[{"embeddable":true,"href":"https:\/\/www.rheinvalley.li\/index.php?rest_route=%2Fwp%2Fv2%2Fcomments&post=56"}],"version-history":[{"count":9,"href":"https:\/\/www.rheinvalley.li\/index.php?rest_route=\/wp\/v2\/pages\/56\/revisions"}],"predecessor-version":[{"id":5466,"href":"https:\/\/www.rheinvalley.li\/index.php?rest_route=\/wp\/v2\/pages\/56\/revisions\/5466"}],"wp:attachment":[{"href":"https:\/\/www.rheinvalley.li\/index.php?rest_route=%2Fwp%2Fv2%2Fmedia&parent=56"}],"curies":[{"name":"wp","href":"https:\/\/api.w.org\/{rel}","templated":true}]}}