{"id":79292,"date":"2025-05-24T13:41:48","date_gmt":"2025-05-24T11:41:48","guid":{"rendered":"https:\/\/www.rheinvalley.li\/?page_id=79292"},"modified":"2025-05-24T13:45:34","modified_gmt":"2025-05-24T11:45:34","slug":"events-2025","status":"publish","type":"page","link":"https:\/\/www.rheinvalley.li\/?page_id=79292","title":{"rendered":"Events 2025"},"content":{"rendered":"\n<p><strong>Lizzy&#8217;s LD Tag<\/strong><br>Sonntag, 15. Juni 2025, Rest, L\u00f6wenburg in Lienz (T\u00fcr\u00f6ffnung ab 11.30, Mittagessen ab 12 Uhr)<\/p>\n\n\n\n<figure class=\"wp-block-image size-large is-resized\"><img loading=\"lazy\" decoding=\"async\" width=\"734\" height=\"1024\" src=\"https:\/\/www.rheinvalley.li\/wp-content\/uploads\/2025\/05\/cropped-WhatsApp-Bild-2025-05-24-um-12.53.42_7e515957-734x1024.jpg\" alt=\"\" class=\"wp-image-79174\" style=\"width:257px;height:auto\" srcset=\"https:\/\/www.rheinvalley.li\/wp-content\/uploads\/2025\/05\/cropped-WhatsApp-Bild-2025-05-24-um-12.53.42_7e515957-734x1024.jpg 734w, https:\/\/www.rheinvalley.li\/wp-content\/uploads\/2025\/05\/cropped-WhatsApp-Bild-2025-05-24-um-12.53.42_7e515957-215x300.jpg 215w, https:\/\/www.rheinvalley.li\/wp-content\/uploads\/2025\/05\/cropped-WhatsApp-Bild-2025-05-24-um-12.53.42_7e515957-768x1071.jpg 768w, https:\/\/www.rheinvalley.li\/wp-content\/uploads\/2025\/05\/cropped-WhatsApp-Bild-2025-05-24-um-12.53.42_7e515957-1101x1536.jpg 1101w, https:\/\/www.rheinvalley.li\/wp-content\/uploads\/2025\/05\/cropped-WhatsApp-Bild-2025-05-24-um-12.53.42_7e515957.jpg 1263w\" sizes=\"auto, (max-width: 734px) 100vw, 734px\" \/><\/figure>\n\n\n\n<p><\/p>\n","protected":false},"excerpt":{"rendered":"<p>Lizzy&#8217;s LD TagSonntag, 15. Juni 2025, Rest, L\u00f6wenburg in Lienz (T\u00fcr\u00f6ffnung ab 11.30, Mittagessen ab 12 Uhr)<\/p>\n","protected":false},"author":2,"featured_media":0,"parent":0,"menu_order":0,"comment_status":"closed","ping_status":"closed","template":"","meta":{"ngg_post_thumbnail":0,"footnotes":""},"class_list":["post-79292","page","type-page","status-publish","hentry"],"yoast_head":"<!-- This site is optimized with the Yoast SEO plugin v26.7 - https:\/\/yoast.com\/wordpress\/plugins\/seo\/ -->\n<title>Events 2025 - Rhein Valley Line Dance Group<\/title>\n<meta name=\"robots\" content=\"index, follow, max-snippet:-1, max-image-preview:large, max-video-preview:-1\" \/>\n<link rel=\"canonical\" href=\"https:\/\/www.rheinvalley.li\/?page_id=79292\" \/>\n<meta property=\"og:locale\" content=\"de_DE\" \/>\n<meta property=\"og:type\" content=\"article\" \/>\n<meta property=\"og:title\" content=\"Events 2025 - Rhein Valley Line Dance Group\" \/>\n<meta property=\"og:description\" content=\"Lizzy&#8217;s LD TagSonntag, 15. Juni 2025, Rest, L\u00f6wenburg in Lienz (T\u00fcr\u00f6ffnung ab 11.30, Mittagessen ab 12 Uhr)\" \/>\n<meta property=\"og:url\" content=\"https:\/\/www.rheinvalley.li\/?page_id=79292\" \/>\n<meta property=\"og:site_name\" content=\"Rhein Valley Line Dance Group\" \/>\n<meta property=\"article:modified_time\" content=\"2025-05-24T11:45:34+00:00\" \/>\n<meta property=\"og:image\" content=\"http:\/\/www.rheinvalley.li\/wp-content\/uploads\/2025\/05\/cropped-WhatsApp-Bild-2025-05-24-um-12.53.42_7e515957-734x1024.jpg\" \/>\n<meta name=\"twitter:label1\" content=\"Gesch\u00e4tzte Lesezeit\" \/>\n\t<meta name=\"twitter:data1\" content=\"1\u00a0Minute\" \/>\n<script type=\"application\/ld+json\" class=\"yoast-schema-graph\">{\"@context\":\"https:\/\/schema.org\",\"@graph\":[{\"@type\":\"WebPage\",\"@id\":\"https:\/\/www.rheinvalley.li\/?page_id=79292\",\"url\":\"https:\/\/www.rheinvalley.li\/?page_id=79292\",\"name\":\"Events 2025 - Rhein Valley Line Dance Group\",\"isPartOf\":{\"@id\":\"https:\/\/www.rheinvalley.li\/#website\"},\"primaryImageOfPage\":{\"@id\":\"https:\/\/www.rheinvalley.li\/?page_id=79292#primaryimage\"},\"image\":{\"@id\":\"https:\/\/www.rheinvalley.li\/?page_id=79292#primaryimage\"},\"thumbnailUrl\":\"http:\/\/www.rheinvalley.li\/wp-content\/uploads\/2025\/05\/cropped-WhatsApp-Bild-2025-05-24-um-12.53.42_7e515957-734x1024.jpg\",\"datePublished\":\"2025-05-24T11:41:48+00:00\",\"dateModified\":\"2025-05-24T11:45:34+00:00\",\"breadcrumb\":{\"@id\":\"https:\/\/www.rheinvalley.li\/?page_id=79292#breadcrumb\"},\"inLanguage\":\"de\",\"potentialAction\":[{\"@type\":\"ReadAction\",\"target\":[\"https:\/\/www.rheinvalley.li\/?page_id=79292\"]}]},{\"@type\":\"ImageObject\",\"inLanguage\":\"de\",\"@id\":\"https:\/\/www.rheinvalley.li\/?page_id=79292#primaryimage\",\"url\":\"http:\/\/www.rheinvalley.li\/wp-content\/uploads\/2025\/05\/cropped-WhatsApp-Bild-2025-05-24-um-12.53.42_7e515957-734x1024.jpg\",\"contentUrl\":\"http:\/\/www.rheinvalley.li\/wp-content\/uploads\/2025\/05\/cropped-WhatsApp-Bild-2025-05-24-um-12.53.42_7e515957-734x1024.jpg\"},{\"@type\":\"BreadcrumbList\",\"@id\":\"https:\/\/www.rheinvalley.li\/?page_id=79292#breadcrumb\",\"itemListElement\":[{\"@type\":\"ListItem\",\"position\":1,\"name\":\"Home\",\"item\":\"https:\/\/www.rheinvalley.li\/\"},{\"@type\":\"ListItem\",\"position\":2,\"name\":\"Events 2025\"}]},{\"@type\":\"WebSite\",\"@id\":\"https:\/\/www.rheinvalley.li\/#website\",\"url\":\"https:\/\/www.rheinvalley.li\/\",\"name\":\"Rhein Valley Line Dance Group\",\"description\":\"Weil Tanzen einfach Spass macht...(Schweiz-Liechtenstein-Mallorca)\",\"publisher\":{\"@id\":\"https:\/\/www.rheinvalley.li\/#organization\"},\"potentialAction\":[{\"@type\":\"SearchAction\",\"target\":{\"@type\":\"EntryPoint\",\"urlTemplate\":\"https:\/\/www.rheinvalley.li\/?s={search_term_string}\"},\"query-input\":{\"@type\":\"PropertyValueSpecification\",\"valueRequired\":true,\"valueName\":\"search_term_string\"}}],\"inLanguage\":\"de\"},{\"@type\":\"Organization\",\"@id\":\"https:\/\/www.rheinvalley.li\/#organization\",\"name\":\"Rhein Valley Line Dance Group\",\"url\":\"https:\/\/www.rheinvalley.li\/\",\"logo\":{\"@type\":\"ImageObject\",\"inLanguage\":\"de\",\"@id\":\"https:\/\/www.rheinvalley.li\/#\/schema\/logo\/image\/\",\"url\":\"https:\/\/www.rheinvalley.li\/wp-content\/uploads\/2008\/08\/rheinvalley-hell.jpg\",\"contentUrl\":\"https:\/\/www.rheinvalley.li\/wp-content\/uploads\/2008\/08\/rheinvalley-hell.jpg\",\"width\":112,\"height\":100,\"caption\":\"Rhein Valley Line Dance Group\"},\"image\":{\"@id\":\"https:\/\/www.rheinvalley.li\/#\/schema\/logo\/image\/\"}}]}<\/script>\n<!-- \/ Yoast SEO plugin. -->","yoast_head_json":{"title":"Events 2025 - Rhein Valley Line Dance Group","robots":{"index":"index","follow":"follow","max-snippet":"max-snippet:-1","max-image-preview":"max-image-preview:large","max-video-preview":"max-video-preview:-1"},"canonical":"https:\/\/www.rheinvalley.li\/?page_id=79292","og_locale":"de_DE","og_type":"article","og_title":"Events 2025 - Rhein Valley Line Dance Group","og_description":"Lizzy&#8217;s LD TagSonntag, 15. Juni 2025, Rest, L\u00f6wenburg in Lienz (T\u00fcr\u00f6ffnung ab 11.30, Mittagessen ab 12 Uhr)","og_url":"https:\/\/www.rheinvalley.li\/?page_id=79292","og_site_name":"Rhein Valley Line Dance Group","article_modified_time":"2025-05-24T11:45:34+00:00","og_image":[{"url":"http:\/\/www.rheinvalley.li\/wp-content\/uploads\/2025\/05\/cropped-WhatsApp-Bild-2025-05-24-um-12.53.42_7e515957-734x1024.jpg","type":"","width":"","height":""}],"twitter_misc":{"Gesch\u00e4tzte Lesezeit":"1\u00a0Minute"},"schema":{"@context":"https:\/\/schema.org","@graph":[{"@type":"WebPage","@id":"https:\/\/www.rheinvalley.li\/?page_id=79292","url":"https:\/\/www.rheinvalley.li\/?page_id=79292","name":"Events 2025 - Rhein Valley Line Dance Group","isPartOf":{"@id":"https:\/\/www.rheinvalley.li\/#website"},"primaryImageOfPage":{"@id":"https:\/\/www.rheinvalley.li\/?page_id=79292#primaryimage"},"image":{"@id":"https:\/\/www.rheinvalley.li\/?page_id=79292#primaryimage"},"thumbnailUrl":"http:\/\/www.rheinvalley.li\/wp-content\/uploads\/2025\/05\/cropped-WhatsApp-Bild-2025-05-24-um-12.53.42_7e515957-734x1024.jpg","datePublished":"2025-05-24T11:41:48+00:00","dateModified":"2025-05-24T11:45:34+00:00","breadcrumb":{"@id":"https:\/\/www.rheinvalley.li\/?page_id=79292#breadcrumb"},"inLanguage":"de","potentialAction":[{"@type":"ReadAction","target":["https:\/\/www.rheinvalley.li\/?page_id=79292"]}]},{"@type":"ImageObject","inLanguage":"de","@id":"https:\/\/www.rheinvalley.li\/?page_id=79292#primaryimage","url":"http:\/\/www.rheinvalley.li\/wp-content\/uploads\/2025\/05\/cropped-WhatsApp-Bild-2025-05-24-um-12.53.42_7e515957-734x1024.jpg","contentUrl":"http:\/\/www.rheinvalley.li\/wp-content\/uploads\/2025\/05\/cropped-WhatsApp-Bild-2025-05-24-um-12.53.42_7e515957-734x1024.jpg"},{"@type":"BreadcrumbList","@id":"https:\/\/www.rheinvalley.li\/?page_id=79292#breadcrumb","itemListElement":[{"@type":"ListItem","position":1,"name":"Home","item":"https:\/\/www.rheinvalley.li\/"},{"@type":"ListItem","position":2,"name":"Events 2025"}]},{"@type":"WebSite","@id":"https:\/\/www.rheinvalley.li\/#website","url":"https:\/\/www.rheinvalley.li\/","name":"Rhein Valley Line Dance Group","description":"Weil Tanzen einfach Spass macht...(Schweiz-Liechtenstein-Mallorca)","publisher":{"@id":"https:\/\/www.rheinvalley.li\/#organization"},"potentialAction":[{"@type":"SearchAction","target":{"@type":"EntryPoint","urlTemplate":"https:\/\/www.rheinvalley.li\/?s={search_term_string}"},"query-input":{"@type":"PropertyValueSpecification","valueRequired":true,"valueName":"search_term_string"}}],"inLanguage":"de"},{"@type":"Organization","@id":"https:\/\/www.rheinvalley.li\/#organization","name":"Rhein Valley Line Dance Group","url":"https:\/\/www.rheinvalley.li\/","logo":{"@type":"ImageObject","inLanguage":"de","@id":"https:\/\/www.rheinvalley.li\/#\/schema\/logo\/image\/","url":"https:\/\/www.rheinvalley.li\/wp-content\/uploads\/2008\/08\/rheinvalley-hell.jpg","contentUrl":"https:\/\/www.rheinvalley.li\/wp-content\/uploads\/2008\/08\/rheinvalley-hell.jpg","width":112,"height":100,"caption":"Rhein Valley Line Dance Group"},"image":{"@id":"https:\/\/www.rheinvalley.li\/#\/schema\/logo\/image\/"}}]}},"_links":{"self":[{"href":"https:\/\/www.rheinvalley.li\/index.php?rest_route=\/wp\/v2\/pages\/79292","targetHints":{"allow":["GET"]}}],"collection":[{"href":"https:\/\/www.rheinvalley.li\/index.php?rest_route=\/wp\/v2\/pages"}],"about":[{"href":"https:\/\/www.rheinvalley.li\/index.php?rest_route=\/wp\/v2\/types\/page"}],"author":[{"embeddable":true,"href":"https:\/\/www.rheinvalley.li\/index.php?rest_route=\/wp\/v2\/users\/2"}],"replies":[{"embeddable":true,"href":"https:\/\/www.rheinvalley.li\/index.php?rest_route=%2Fwp%2Fv2%2Fcomments&post=79292"}],"version-history":[{"count":2,"href":"https:\/\/www.rheinvalley.li\/index.php?rest_route=\/wp\/v2\/pages\/79292\/revisions"}],"predecessor-version":[{"id":79295,"href":"https:\/\/www.rheinvalley.li\/index.php?rest_route=\/wp\/v2\/pages\/79292\/revisions\/79295"}],"wp:attachment":[{"href":"https:\/\/www.rheinvalley.li\/index.php?rest_route=%2Fwp%2Fv2%2Fmedia&parent=79292"}],"curies":[{"name":"wp","href":"https:\/\/api.w.org\/{rel}","templated":true}]}}